
{"id":9256,"date":"2026-04-20T00:16:06","date_gmt":"2026-04-20T00:16:06","guid":{"rendered":"https:\/\/tlalixpan.com\/?product=cepillo-facial-1-pza-gota-facial"},"modified":"2026-04-20T00:16:06","modified_gmt":"2026-04-20T00:16:06","slug":"cepillo-facial-1-pza-gota-facial","status":"publish","type":"product","link":"https:\/\/tlalixpan.com\/?product=cepillo-facial-1-pza-gota-facial","title":{"rendered":"Cepillo facial 1 pza &#8211; gota facial"},"content":{"rendered":"<p>Cepillo facial, con cerdas naturales, son biodegradables de elaboraci\u00f3n artesanal del Edo. de M\u00e9xico. Ideales para exfoliaci\u00f3n y limpieza profunda, mejorar la firmeza de la piel y retirar celulas muertas y toxinas.<\/p>\n","protected":false},"excerpt":{"rendered":"<p>Cepillo facial, con cerdas naturales, son biodegradables de elaboraci\u00f3n artesanal del Edo. de M\u00e9xico. Ideales para exfoliaci\u00f3n y limpieza profunda, mejorar la firmeza de la piel y retirar celulas muertas y toxinas.<\/p>\n","protected":false},"featured_media":0,"comment_status":"open","ping_status":"closed","template":"","meta":[],"product_brand":[],"product_cat":[],"product_tag":[],"class_list":{"0":"post-9256","1":"product","2":"type-product","3":"status-publish","6":"first","7":"instock","8":"shipping-taxable","9":"purchasable","10":"product-type-simple"},"_links":{"self":[{"href":"https:\/\/tlalixpan.com\/index.php?rest_route=\/wp\/v2\/product\/9256","targetHints":{"allow":["GET"]}}],"collection":[{"href":"https:\/\/tlalixpan.com\/index.php?rest_route=\/wp\/v2\/product"}],"about":[{"href":"https:\/\/tlalixpan.com\/index.php?rest_route=\/wp\/v2\/types\/product"}],"replies":[{"embeddable":true,"href":"https:\/\/tlalixpan.com\/index.php?rest_route=%2Fwp%2Fv2%2Fcomments&post=9256"}],"wp:attachment":[{"href":"https:\/\/tlalixpan.com\/index.php?rest_route=%2Fwp%2Fv2%2Fmedia&parent=9256"}],"wp:term":[{"taxonomy":"product_brand","embeddable":true,"href":"https:\/\/tlalixpan.com\/index.php?rest_route=%2Fwp%2Fv2%2Fproduct_brand&post=9256"},{"taxonomy":"product_cat","embeddable":true,"href":"https:\/\/tlalixpan.com\/index.php?rest_route=%2Fwp%2Fv2%2Fproduct_cat&post=9256"},{"taxonomy":"product_tag","embeddable":true,"href":"https:\/\/tlalixpan.com\/index.php?rest_route=%2Fwp%2Fv2%2Fproduct_tag&post=9256"}],"curies":[{"name":"wp","href":"https:\/\/api.w.org\/{rel}","templated":true}]}}