
{"id":9255,"date":"2026-04-20T00:15:56","date_gmt":"2026-04-20T00:15:56","guid":{"rendered":"https:\/\/tlalixpan.com\/?product=cepillo-facial-1-pza"},"modified":"2026-04-20T00:15:56","modified_gmt":"2026-04-20T00:15:56","slug":"cepillo-facial-1-pza","status":"publish","type":"product","link":"https:\/\/tlalixpan.com\/?product=cepillo-facial-1-pza","title":{"rendered":"Cepillo facial 1 pza"},"content":{"rendered":"<h2>Cepillo facial<\/h2>\n<p>nEl cepillado facial ayuda a depurar el sistema lif\u00e1tico del rostro, por lo que ayuda a reducir las lineas de expresi\u00f3n y a dar luminosidad al rostro.<br \/>\nn<br \/>\nnCon el cepillado facial se pueden remover las celulas muertas y por lo tanto la piel queda exfoliada y con mayor firmeza y menor hinchaz\u00f3n.<br \/>\nn<br \/>\nnEl cepillado puede ayudar a prevenir brotes de acn\u00e9. Puede ser \u00fatil en la mayoria de las pieles, no olvides que el cepillado se debe hacer sobre piel limpia y que despues del cepillado deberas enjuagar e hidratar.<br \/>\nn<br \/>\nnEstos cepillos se elaboran de forma artesanal por artesanos del centro de M\u00e9xico con fibras naturales de la comunidad.<br \/>\nn<br \/>\nnSi tu piel es delicada puedes humedecerlo un poco antes de usar.\u00a0Despu\u00e9s de utilizar tu cepillo hidrata tu piel con nuestra crema facial nutritiva.<br \/>\nn<br \/>\nnPuede tambi\u00e9n interesarte la <a href=\"https:\/\/tlalixpan.com\/cepillo-facial-gota\/\">gota facial<\/a> en nuestra tienda<br \/>\nn<br \/>\nnPara leer sobre sus beneficios para la piel entra <a href=\"https:\/\/www.vogue.mx\/belleza\/articulo\/cepillarse-la-cara-rutina-de-belleza\">aqui.<\/a><\/p>\n","protected":false},"excerpt":{"rendered":"<p>Cepillo facial, con cerdas naturales, son biodegradables de elaboraci\u00f3n artesanal del Edo. de M\u00e9xico. Ideales para exfoliaci\u00f3n y limpieza profunda, mejorar la firmeza de la piel y retirar celulas muertas y toxinas.<\/p>\n","protected":false},"featured_media":0,"comment_status":"open","ping_status":"closed","template":"","meta":[],"product_brand":[],"product_cat":[332],"product_tag":[],"class_list":{"0":"post-9255","1":"product","2":"type-product","3":"status-publish","5":"product_cat-cosmetica","7":"first","8":"instock","9":"shipping-taxable","10":"product-type-variable"},"_links":{"self":[{"href":"https:\/\/tlalixpan.com\/index.php?rest_route=\/wp\/v2\/product\/9255","targetHints":{"allow":["GET"]}}],"collection":[{"href":"https:\/\/tlalixpan.com\/index.php?rest_route=\/wp\/v2\/product"}],"about":[{"href":"https:\/\/tlalixpan.com\/index.php?rest_route=\/wp\/v2\/types\/product"}],"replies":[{"embeddable":true,"href":"https:\/\/tlalixpan.com\/index.php?rest_route=%2Fwp%2Fv2%2Fcomments&post=9255"}],"wp:attachment":[{"href":"https:\/\/tlalixpan.com\/index.php?rest_route=%2Fwp%2Fv2%2Fmedia&parent=9255"}],"wp:term":[{"taxonomy":"product_brand","embeddable":true,"href":"https:\/\/tlalixpan.com\/index.php?rest_route=%2Fwp%2Fv2%2Fproduct_brand&post=9255"},{"taxonomy":"product_cat","embeddable":true,"href":"https:\/\/tlalixpan.com\/index.php?rest_route=%2Fwp%2Fv2%2Fproduct_cat&post=9255"},{"taxonomy":"product_tag","embeddable":true,"href":"https:\/\/tlalixpan.com\/index.php?rest_route=%2Fwp%2Fv2%2Fproduct_tag&post=9255"}],"curies":[{"name":"wp","href":"https:\/\/api.w.org\/{rel}","templated":true}]}}