
{"id":5870,"date":"2026-04-19T18:29:11","date_gmt":"2026-04-19T18:29:11","guid":{"rendered":"https:\/\/tlalixpan.com\/?post_type=product&#038;p=5870"},"modified":"2026-04-20T00:06:30","modified_gmt":"2026-04-20T00:06:30","slug":"cm6-cancer","status":"publish","type":"product","link":"https:\/\/tlalixpan.com\/?product=cm6-cancer","title":{"rendered":"CM6. Cancer"},"content":{"rendered":"<h3>Microdosis Cancer<\/h3>\n<p>n<\/p>\n<h4>Marca Lebom &#8211; Presentaci\u00f3n gotero 36 ml<\/h4>\n<p>nCompuesto en microdosis para c\u00e1ncer, miomas, quistes. Coadyuvante en quimioterapia y reduce sus efectos secundarios.\u00a0 Para uso oral y t\u00f3pico.<br \/>\nn<br \/>\nnSus 13 plantas act\u00faan de diversas maneras sobre las celulas cancer\u00edgenas:<br \/>\nn<\/p>\n<ul>\nn \t<\/p>\n<li>Impiden su formaci\u00f3n(gluc\u00f3sidos, polifenoles y compuestos azufrados).<\/li>\n<p>n \t<\/p>\n<li>Impiden su reproducci\u00f3n (curcumoides, betacarotenos y flavonoides).<\/li>\n<p>n \t<\/p>\n<li>Provocan su muerte, impidiendoles alimentarse (acetog\u00e9nicas).<\/li>\n<p>n \t<\/p>\n<li>Protegen los genes de mutaciones y los reparan, por los metabolitos que contiene.<\/li>\n<p>n \t<\/p>\n<li>Protege ri\u00f1ones, h\u00edgado, cerebro, coraz\u00f3n, venas y arterias, aumentan el antioxidantes glutati\u00f3n.<\/li>\n<p>n \t<\/p>\n<li>Potencializa la quimioterapia y disminuye sus efectos secundarios, como n\u00e1useas y vomitos.<\/li>\n<p>n<\/ul>\n<p>nIngredientes: Artemisia, Azafr\u00e1n, Cardo mariano,Cebolla, cola de caballo, C\u00farcuma, Guan\u00e1bana, Jengibre, Kalanchoe, Moringa, Pimienta negra, Romero, S\u00e1bila.<\/p>\n","protected":false},"excerpt":{"rendered":"<p>Marca Lebom. Compuesto en Microdosis para Cancer, Miomas, Quistes. Coadyuvante en Quimioterapia y reduce sus efectos secundarios. Oral y T\u00f3pica<\/p>\n","protected":false},"featured_media":427,"comment_status":"open","ping_status":"closed","template":"","meta":[],"product_brand":[],"product_cat":[133],"product_tag":[606],"class_list":{"0":"post-5870","1":"product","2":"type-product","3":"status-publish","4":"has-post-thumbnail","6":"product_cat-alternativas-y-microdosis","7":"product_tag-agroecologico-cancer-microdosis-organico-quimioterapia-salud","9":"first","10":"instock","11":"shipping-taxable","12":"purchasable","13":"product-type-simple"},"_links":{"self":[{"href":"https:\/\/tlalixpan.com\/index.php?rest_route=\/wp\/v2\/product\/5870","targetHints":{"allow":["GET"]}}],"collection":[{"href":"https:\/\/tlalixpan.com\/index.php?rest_route=\/wp\/v2\/product"}],"about":[{"href":"https:\/\/tlalixpan.com\/index.php?rest_route=\/wp\/v2\/types\/product"}],"replies":[{"embeddable":true,"href":"https:\/\/tlalixpan.com\/index.php?rest_route=%2Fwp%2Fv2%2Fcomments&post=5870"}],"wp:featuredmedia":[{"embeddable":true,"href":"https:\/\/tlalixpan.com\/index.php?rest_route=\/wp\/v2\/media\/427"}],"wp:attachment":[{"href":"https:\/\/tlalixpan.com\/index.php?rest_route=%2Fwp%2Fv2%2Fmedia&parent=5870"}],"wp:term":[{"taxonomy":"product_brand","embeddable":true,"href":"https:\/\/tlalixpan.com\/index.php?rest_route=%2Fwp%2Fv2%2Fproduct_brand&post=5870"},{"taxonomy":"product_cat","embeddable":true,"href":"https:\/\/tlalixpan.com\/index.php?rest_route=%2Fwp%2Fv2%2Fproduct_cat&post=5870"},{"taxonomy":"product_tag","embeddable":true,"href":"https:\/\/tlalixpan.com\/index.php?rest_route=%2Fwp%2Fv2%2Fproduct_tag&post=5870"}],"curies":[{"name":"wp","href":"https:\/\/api.w.org\/{rel}","templated":true}]}}