
{"id":5777,"date":"2026-04-19T18:24:44","date_gmt":"2026-04-19T18:24:44","guid":{"rendered":"https:\/\/tlalixpan.com\/?post_type=product&#038;p=5777"},"modified":"2026-04-20T00:05:47","modified_gmt":"2026-04-20T00:05:47","slug":"desodorante-mineral-liquido-35-ml","status":"publish","type":"product","link":"https:\/\/tlalixpan.com\/?product=desodorante-mineral-liquido-35-ml","title":{"rendered":"Desodorante Mineral L\u00edquido 35 ml"},"content":{"rendered":"<h2>Desodorante Mineral L\u00edquido (Piedra de Alumbre)<\/h2>\n<p>n<\/p>\n<h4>Marca Sac-tuun &#8211; Presentaci\u00f3n frasco 35 ml<\/h4>\n<p>nEs de origen mineral, cristal\u00a0<span style=\"font-size: 16px; font-style: normal; font-weight: 400;\">natural <\/span><span style=\"font-size: 16px;\">concido como piedra de alumbre,\u00a0 l\u00edquido sin perfumes ni qu\u00edmicos. <\/span><br \/>\nn<br \/>\nn<span style=\"font-size: 16px;\">Este mineral es un sulfato natural que act\u00faa incre\u00edblemente contra el olor.\u00a0 No enmascara los olores, sino que deja una capa sobre la piel que destruye las bacterias que causan el mal olor, pero le permite respirar a la piel, liberando las toxinas, sin acumularlas como los desodorantes antitraspirantes.\u00a0<\/span><br \/>\nn<\/p>\n<p style=\"padding-bottom: 1em;\">No contiene alcohol, ni perfume, ni sustancias qu\u00edmicas toxicas, no causa irritaci\u00f3n a la piel, no mancha la piel ni la ropa.<\/p>\n<p>n<br \/>\nn<\/p>\n<div class=\"o9v6fnle cxmmr5t8 oygrvhab hcukyx3x c1et5uql ii04i59q\">\nn<\/p>\n<div dir=\"auto\">\nn<\/p>\n<div class=\"o9v6fnle cxmmr5t8 oygrvhab hcukyx3x c1et5uql\">\nn<\/p>\n<div dir=\"auto\">Especial para personas con piel sensible y con alergias al desodorante.<\/div>\n<p>n<\/p>\n<div dir=\"auto\">Tiene algunas otras funcioes como cicatrizante, reafirmante, puede ayudar a producir m\u00e1s col\u00e1geno, calmar la piel despu\u00e9s de afeitar o depilar y puede controlar y\/o ayudar en la disminuci\u00f3n de acn\u00e9.<\/div>\n<p>n<\/p>\n<div dir=\"auto\">Tambi\u00e9n contamos con <a href=\"https:\/\/tlalixpan.com\/cosmetico\/desodorante-natural\/\">desodorante de ingredientes naturales en crema.<\/a><\/div>\n<p>n<\/p>\n<div dir=\"auto\"><\/div>\n<p>n<\/p><\/div>\n<p>n<\/p>\n<div dir=\"auto\">Para leer m\u00e1s entra<a href=\"https:\/\/www.vogue.mx\/belleza\/articulo\/piedra-de-alumbre-que-es-y-como-se-usa-este-desodorante-natural-para-las-axilas\"> aqui.<\/a><\/div>\n<p>n<\/p><\/div>\n<p>n<\/p><\/div>\n","protected":false},"excerpt":{"rendered":"<p>Desodorante mineral de piedra de alumbre, l\u00edquido en spray de 35 ml. Ideal para controlar el olor, eliminando las bacterias de la piel.<br \/>\nn<br \/>\nn&nbsp;<\/p>\n","protected":false},"featured_media":0,"comment_status":"open","ping_status":"closed","template":"","meta":[],"product_brand":[],"product_cat":[332],"product_tag":[591],"class_list":{"0":"post-5777","1":"product","2":"type-product","3":"status-publish","5":"product_cat-cosmetica","6":"product_tag-desodorante-mineral-desodorante-natural-malos-olores-natural-no-mancha-piedra-de-alumbre-sin-toxicos-spray","8":"first","9":"instock","10":"shipping-taxable","11":"purchasable","12":"product-type-simple"},"_links":{"self":[{"href":"https:\/\/tlalixpan.com\/index.php?rest_route=\/wp\/v2\/product\/5777","targetHints":{"allow":["GET"]}}],"collection":[{"href":"https:\/\/tlalixpan.com\/index.php?rest_route=\/wp\/v2\/product"}],"about":[{"href":"https:\/\/tlalixpan.com\/index.php?rest_route=\/wp\/v2\/types\/product"}],"replies":[{"embeddable":true,"href":"https:\/\/tlalixpan.com\/index.php?rest_route=%2Fwp%2Fv2%2Fcomments&post=5777"}],"wp:attachment":[{"href":"https:\/\/tlalixpan.com\/index.php?rest_route=%2Fwp%2Fv2%2Fmedia&parent=5777"}],"wp:term":[{"taxonomy":"product_brand","embeddable":true,"href":"https:\/\/tlalixpan.com\/index.php?rest_route=%2Fwp%2Fv2%2Fproduct_brand&post=5777"},{"taxonomy":"product_cat","embeddable":true,"href":"https:\/\/tlalixpan.com\/index.php?rest_route=%2Fwp%2Fv2%2Fproduct_cat&post=5777"},{"taxonomy":"product_tag","embeddable":true,"href":"https:\/\/tlalixpan.com\/index.php?rest_route=%2Fwp%2Fv2%2Fproduct_tag&post=5777"}],"curies":[{"name":"wp","href":"https:\/\/api.w.org\/{rel}","templated":true}]}}