
{"id":5741,"date":"2026-04-19T18:17:05","date_gmt":"2026-04-19T18:17:05","guid":{"rendered":"https:\/\/tlalixpan.com\/?post_type=product&#038;p=5741"},"modified":"2026-04-20T00:05:04","modified_gmt":"2026-04-20T00:05:04","slug":"semilla-de-cilantro-50grs","status":"publish","type":"product","link":"https:\/\/tlalixpan.com\/?product=semilla-de-cilantro-50grs","title":{"rendered":"Semilla de cilantro 50grs"},"content":{"rendered":"<h2>Semilla de Cilantro<\/h2>\n<p>n<\/p>\n<h4>&#8211; Presentaci\u00f3n a granel 50 grs<\/h4>\n<p>nEs de producci\u00f3n agroecol\u00f3gica nacional, es decir no tiene tratamientos quim\u00edcos, ni en su producci\u00f3n, ni han sido tratadas para venderse.<br \/>\nn<br \/>\nnSe puede usar en infusiones, molida como condimento para guisar, en vinagretas, en panes o embutidos, para marinar carnes y pescados, en curtidos, sopas de<a href=\"https:\/\/tlalixpan.com\/alimenticio\/cereales-y-semillas\/lenteja\/\"> lentejas<\/a> y hasta para sembrar. Su sabor ligeramente terroso es un poco diferente al de las hojas frescas y aporta gran aroma al cocinarse<br \/>\nn<br \/>\nnPuede ser muy efectiva en reducir el nivel de az\u00facar en personas de diabetes tipo 2, las personas con bajos niveles de azucar y que usan medicamente deben usarla con cuidado y consultarlo con tu m\u00e9dico.<br \/>\nn<br \/>\nnContiene antioxidantes principalmente terpenos, quercetinas y tocoferoles que ayudan a maximizar el sistema inmune, pueden beneficiar la salud del coraz\u00f3n y del cerebro, adem\u00e1s de tener posibles efectos ben\u00e9ficos en la prevenci\u00f3n del cancer.<br \/>\nn<br \/>\nnPuede ayudar en infecciones intestinales, la salud digestiva en general y adem\u00e1s puede ayudar a generar apetito en las personas.<br \/>\nn<br \/>\nnPara leer m\u00e1s entra <a href=\"https:\/\/www.bioecoactual.com\/2016\/05\/25\/el-cilantro-usos-y-propiedades-de-las-semillas-por-fidel-pascual\/\">aqui.<\/a><\/p>\n","protected":false},"excerpt":{"rendered":"<p>Semilla de cilantro, de producci\u00f3n agroecol\u00f3gica, ideal para aromatizar los platos, se puede moler para agregar a panes, mezclar con aceite de oliva para utilizar en ensaladas y sopas. Tiene grandes beneficios para la salud, principalmente en la reducci\u00f3n de los niveles de az\u00facar.<\/p>\n","protected":false},"featured_media":0,"comment_status":"open","ping_status":"closed","template":"","meta":[],"product_brand":[],"product_cat":[516],"product_tag":[569],"class_list":{"0":"post-5741","1":"product","2":"type-product","3":"status-publish","5":"product_cat-cereales-y-semillas-granos-y-derivados-productos-alimenticios","6":"product_tag-alimentos-aromaticas-condimento-especias-infusion-organico-organicos-sabor-salud-saludecias-sazonadores-semillas-te-vegano-vida-cero-zerowaste","8":"first","9":"instock","10":"shipping-taxable","11":"purchasable","12":"product-type-simple"},"_links":{"self":[{"href":"https:\/\/tlalixpan.com\/index.php?rest_route=\/wp\/v2\/product\/5741","targetHints":{"allow":["GET"]}}],"collection":[{"href":"https:\/\/tlalixpan.com\/index.php?rest_route=\/wp\/v2\/product"}],"about":[{"href":"https:\/\/tlalixpan.com\/index.php?rest_route=\/wp\/v2\/types\/product"}],"replies":[{"embeddable":true,"href":"https:\/\/tlalixpan.com\/index.php?rest_route=%2Fwp%2Fv2%2Fcomments&post=5741"}],"wp:attachment":[{"href":"https:\/\/tlalixpan.com\/index.php?rest_route=%2Fwp%2Fv2%2Fmedia&parent=5741"}],"wp:term":[{"taxonomy":"product_brand","embeddable":true,"href":"https:\/\/tlalixpan.com\/index.php?rest_route=%2Fwp%2Fv2%2Fproduct_brand&post=5741"},{"taxonomy":"product_cat","embeddable":true,"href":"https:\/\/tlalixpan.com\/index.php?rest_route=%2Fwp%2Fv2%2Fproduct_cat&post=5741"},{"taxonomy":"product_tag","embeddable":true,"href":"https:\/\/tlalixpan.com\/index.php?rest_route=%2Fwp%2Fv2%2Fproduct_tag&post=5741"}],"curies":[{"name":"wp","href":"https:\/\/api.w.org\/{rel}","templated":true}]}}