
{"id":5669,"date":"2026-04-19T18:06:16","date_gmt":"2026-04-19T18:06:16","guid":{"rendered":"https:\/\/tlalixpan.com\/?post_type=product&#038;p=5669"},"modified":"2026-04-20T00:03:43","modified_gmt":"2026-04-20T00:03:43","slug":"harina-de-amaranto-100-grs","status":"publish","type":"product","link":"https:\/\/tlalixpan.com\/?product=harina-de-amaranto-100-grs","title":{"rendered":"Harina de Amaranto 100 grs"},"content":{"rendered":"<h3>Harina de Amaranto Org\u00e1nico<\/h3>\n<p>n<\/p>\n<h4>&#8211; Presentaci\u00f3n a granel, 100 grs<\/h4>\n<p>nHarina org\u00e1nica. Se usa en panader\u00eda junto a otras harinas, o sola para hacer gorditas, en sopas, alb\u00f3ndigas, galletas, lechadas y mas.<br \/>\nn<br \/>\nnTiene un alto contenido de prote\u00ednas, antioxidantes, con propiedades antinflamatorias, totalmente libre de gluten por lo que es apta para celiacos y personas con alergia.<br \/>\nn<br \/>\nn&nbsp;<br \/>\nn<br \/>\nn&nbsp;<\/p>\n","protected":false},"excerpt":{"rendered":"<p>HARINA DE AMARANTO ORG\u00c1NICO<\/p>\n","protected":false},"featured_media":0,"comment_status":"open","ping_status":"closed","template":"","meta":[],"product_brand":[],"product_cat":[554],"product_tag":[555],"class_list":{"0":"post-5669","1":"product","2":"type-product","3":"status-publish","5":"product_cat-panaderia-y-harinas-productos-alimenticios-productos-alimenticios","6":"product_tag-agroecologico-agroecologicos-celiacos-gluten-free-natural-nutricion-organico-organicos-proteina-vegana-salud-semillas-sin-gluten-sin-toxicos-super-alimentos-vegano-vida-cero-zerowaste","8":"first","9":"instock","10":"sale","11":"shipping-taxable","12":"purchasable","13":"product-type-simple"},"_links":{"self":[{"href":"https:\/\/tlalixpan.com\/index.php?rest_route=\/wp\/v2\/product\/5669","targetHints":{"allow":["GET"]}}],"collection":[{"href":"https:\/\/tlalixpan.com\/index.php?rest_route=\/wp\/v2\/product"}],"about":[{"href":"https:\/\/tlalixpan.com\/index.php?rest_route=\/wp\/v2\/types\/product"}],"replies":[{"embeddable":true,"href":"https:\/\/tlalixpan.com\/index.php?rest_route=%2Fwp%2Fv2%2Fcomments&post=5669"}],"wp:attachment":[{"href":"https:\/\/tlalixpan.com\/index.php?rest_route=%2Fwp%2Fv2%2Fmedia&parent=5669"}],"wp:term":[{"taxonomy":"product_brand","embeddable":true,"href":"https:\/\/tlalixpan.com\/index.php?rest_route=%2Fwp%2Fv2%2Fproduct_brand&post=5669"},{"taxonomy":"product_cat","embeddable":true,"href":"https:\/\/tlalixpan.com\/index.php?rest_route=%2Fwp%2Fv2%2Fproduct_cat&post=5669"},{"taxonomy":"product_tag","embeddable":true,"href":"https:\/\/tlalixpan.com\/index.php?rest_route=%2Fwp%2Fv2%2Fproduct_tag&post=5669"}],"curies":[{"name":"wp","href":"https:\/\/api.w.org\/{rel}","templated":true}]}}