
{"id":5559,"date":"2026-04-19T17:51:50","date_gmt":"2026-04-19T17:51:50","guid":{"rendered":"https:\/\/tlalixpan.com\/?post_type=product&#038;p=5559"},"modified":"2026-04-20T00:02:49","modified_gmt":"2026-04-20T00:02:49","slug":"tortilla-de-maiz-500-grs","status":"publish","type":"product","link":"https:\/\/tlalixpan.com\/?product=tortilla-de-maiz-500-grs","title":{"rendered":"Tortilla de Ma\u00edz 500 Grs"},"content":{"rendered":"<h3>Tortilla de Maiz- colores<\/h3>\n<p>n<\/p>\n<h4>Marca Molino Mopohua &#8211; Presentaci\u00f3n a granel 500grs.<\/h4>\n<p>nHechas con granos criollos de Jalisco, Michoacan o Nayarit, producidos en transici\u00f3n agroecol\u00f3gica.<br \/>\nn<br \/>\nnElaboradas a partir del grano nixtamalizado con cal viva, requieren refrigeraci\u00f3n inmediata, completamente naturales sin conservadores, colorantes, ni aditivos. su color se da exclusivamente por la tonalidad del ma\u00edz criollo utilizado.<br \/>\nn<br \/>\nnPrepara tus tacos de <a href=\"https:\/\/tlalixpan.com\/alimenticio\/cereales-y-semillas\/frijol-agroecologico\/\">frijoles<\/a> o de carne favoritos con tortillas de ma\u00edz criollo.<br \/>\nn<br \/>\nnCon la humedad pueden cambiar ligeramente de color.<br \/>\nn<br \/>\nn<span style=\"font-size: 16px; font-style: normal; font-weight: 400;\">**Caducidad de una semana a quince d\u00edas despu\u00e9s de su elaboraci\u00f3n (esto depende de las condiciones de guardado, clima y paqueter\u00eda). Se envian solo en entregas r\u00e1pidas.<\/span><br \/>\nn<br \/>\nnCon tu compra ayudas en la conservaci\u00f3n de variedades nativas, a procesos de transici\u00f3n agroecol\u00f3gica y al mantenimiento de la agricultura tradicional familiar.<br \/>\nn<br \/>\nnEs de suma importancia conservar estas <a href=\"https:\/\/gourmetdemexico.com.mx\/gourmet\/cultura\/tortillas-maiz-importantes-mexico\/\">variedades criollas<\/a> y tradiciones culinarias nacionales.<\/p>\n","protected":false},"excerpt":{"rendered":"<p>Tortilla de ma\u00edz criollo de producci\u00f3n agroecol\u00f3gica o en transici\u00f3n, ideales para tus platos t\u00edpicos favoritos, o s\u00f3lo para acompa\u00f1ar la comida diaria, no tienen adetivos, conservadores o colorantes, los colores se dan por el color natural del grano.<\/p>\n","protected":false},"featured_media":560,"comment_status":"open","ping_status":"closed","template":"","meta":[],"product_brand":[],"product_cat":[516],"product_tag":[],"class_list":{"0":"post-5559","1":"product","2":"type-product","3":"status-publish","4":"has-post-thumbnail","6":"product_cat-cereales-y-semillas-granos-y-derivados-productos-alimenticios","8":"first","9":"instock","10":"shipping-taxable","11":"purchasable","12":"product-type-simple"},"_links":{"self":[{"href":"https:\/\/tlalixpan.com\/index.php?rest_route=\/wp\/v2\/product\/5559","targetHints":{"allow":["GET"]}}],"collection":[{"href":"https:\/\/tlalixpan.com\/index.php?rest_route=\/wp\/v2\/product"}],"about":[{"href":"https:\/\/tlalixpan.com\/index.php?rest_route=\/wp\/v2\/types\/product"}],"replies":[{"embeddable":true,"href":"https:\/\/tlalixpan.com\/index.php?rest_route=%2Fwp%2Fv2%2Fcomments&post=5559"}],"wp:featuredmedia":[{"embeddable":true,"href":"https:\/\/tlalixpan.com\/index.php?rest_route=\/wp\/v2\/media\/560"}],"wp:attachment":[{"href":"https:\/\/tlalixpan.com\/index.php?rest_route=%2Fwp%2Fv2%2Fmedia&parent=5559"}],"wp:term":[{"taxonomy":"product_brand","embeddable":true,"href":"https:\/\/tlalixpan.com\/index.php?rest_route=%2Fwp%2Fv2%2Fproduct_brand&post=5559"},{"taxonomy":"product_cat","embeddable":true,"href":"https:\/\/tlalixpan.com\/index.php?rest_route=%2Fwp%2Fv2%2Fproduct_cat&post=5559"},{"taxonomy":"product_tag","embeddable":true,"href":"https:\/\/tlalixpan.com\/index.php?rest_route=%2Fwp%2Fv2%2Fproduct_tag&post=5559"}],"curies":[{"name":"wp","href":"https:\/\/api.w.org\/{rel}","templated":true}]}}