
{"id":5542,"date":"2026-04-19T23:45:21","date_gmt":"2026-04-19T23:45:21","guid":{"rendered":"https:\/\/tlalixpan.com\/?product=bromita-chocolate-70"},"modified":"2026-04-20T00:02:29","modified_gmt":"2026-04-20T00:02:29","slug":"bromita-chocolate-70","status":"publish","type":"product","link":"https:\/\/tlalixpan.com\/?product=bromita-chocolate-70","title":{"rendered":"Bromita chocolate 70%"},"content":{"rendered":"<h3>Bromita Chocolate 70% Cacao<\/h3>\n<p>n<\/p>\n<h4>Marca Broma de Teo &#8211; Presentaci\u00f3n 1 PZA<\/h4>\n<p>nPiezas chicas (aproximadamente 20 grs). Es amargo 70% de cacao con las siguientes mezclas: almendras c\/amaranto, almendra c\/naranja, cacahuate, cardamomo, cardamomo c\/ar\u00e1ndanos. Calma el antojo, con el manjar de los dioses.<br \/>\nn<br \/>\nnElaborados con insumos nacionales, org\u00e1nicos y agroecol\u00f3gicos, producto artesanal elaborado en Jalisco.<br \/>\nn<br \/>\nnPor las propiedades del cacao es un energizante natural, ayuda a evitar la depresi\u00f3n, a mantener la presi\u00f3n arterial y tiene antioxidantes. Es nutritivo pues tiene altas cantidades de minerales como Hierro, Magnesio, Cobre y Manganeso, y en menor cantidad Potasio, F\u00f3sforo, Zinc y Selenio. Cons\u00famelo con moderaci\u00f3n para obtener beneficios.<br \/>\nn<br \/>\nnTambien puedes encontrarlo <a href=\"https:\/\/tlalixpan.com\/alimenticio\/endulzantes\/chocolate-de-mesa-2\/\">en polvo<\/a> en nuestra tienda<br \/>\nn<br \/>\nnPara leer m\u00e1s: <a href=\"https:\/\/mejorconsalud.as.com\/10-beneficios-chocolate-negro\/\">chocolate amargo<\/a><\/p>\n","protected":false},"excerpt":{"rendered":"<p>Bromita, chocolate 70% cacao, hecho con productos nacionales org\u00e1nicos y\/o agroecol\u00f3gicos, sabores surtidos por pieza o por paquete.<\/p>\n","protected":false},"featured_media":0,"comment_status":"open","ping_status":"closed","template":"","meta":[],"product_brand":[],"product_cat":[519],"product_tag":[],"class_list":{"0":"post-5542","1":"product","2":"type-product","3":"status-publish","5":"product_cat-dulces-endulzantes-y-botanas-productos-alimenticios","7":"first","8":"instock","9":"shipping-taxable","10":"product-type-variable"},"_links":{"self":[{"href":"https:\/\/tlalixpan.com\/index.php?rest_route=\/wp\/v2\/product\/5542","targetHints":{"allow":["GET"]}}],"collection":[{"href":"https:\/\/tlalixpan.com\/index.php?rest_route=\/wp\/v2\/product"}],"about":[{"href":"https:\/\/tlalixpan.com\/index.php?rest_route=\/wp\/v2\/types\/product"}],"replies":[{"embeddable":true,"href":"https:\/\/tlalixpan.com\/index.php?rest_route=%2Fwp%2Fv2%2Fcomments&post=5542"}],"wp:attachment":[{"href":"https:\/\/tlalixpan.com\/index.php?rest_route=%2Fwp%2Fv2%2Fmedia&parent=5542"}],"wp:term":[{"taxonomy":"product_brand","embeddable":true,"href":"https:\/\/tlalixpan.com\/index.php?rest_route=%2Fwp%2Fv2%2Fproduct_brand&post=5542"},{"taxonomy":"product_cat","embeddable":true,"href":"https:\/\/tlalixpan.com\/index.php?rest_route=%2Fwp%2Fv2%2Fproduct_cat&post=5542"},{"taxonomy":"product_tag","embeddable":true,"href":"https:\/\/tlalixpan.com\/index.php?rest_route=%2Fwp%2Fv2%2Fproduct_tag&post=5542"}],"curies":[{"name":"wp","href":"https:\/\/api.w.org\/{rel}","templated":true}]}}