
{"id":5535,"date":"2026-04-19T23:45:11","date_gmt":"2026-04-19T23:45:11","guid":{"rendered":"https:\/\/tlalixpan.com\/?product=broma-barra-de-chocolate-70"},"modified":"2026-04-20T00:02:19","modified_gmt":"2026-04-20T00:02:19","slug":"broma-barra-de-chocolate-70","status":"publish","type":"product","link":"https:\/\/tlalixpan.com\/?product=broma-barra-de-chocolate-70","title":{"rendered":"Broma Barra de Chocolate 70%"},"content":{"rendered":"<h3>Broma Barra de Chocolate 70% Cacao<\/h3>\n<p>n<\/p>\n<h4>Marca Broma de Teo &#8211; Presentaci\u00f3n 1 Pieza (50 Grs)<\/h4>\n<p>nElaborados con insumos nacionales, org\u00e1nicos y agroecol\u00f3gicos, producto artesanal elaborado en Jalisco. Sabores: Cardamomo, salami, frutos rojos, hemp y chocolates por origen del cacao: Uranga, Soconusco, Selva Lacandona, Ostuacan, Blanco Marfil.<br \/>\nn<br \/>\nnPor las propiedades del cacao es un energizante natural, ayuda a evitar la depresi\u00f3n, a mantener la presi\u00f3n arterial y tiene antioxidantes. Es nutritivo pues tiene altas cantidades de minerales como Hierro, Magnesio, Cobre y Manganeso, y en menor cantidad Potasio, F\u00f3sforo, Zinc y Selenio. Cons\u00famelo con moderaci\u00f3n para obtener beneficios.<br \/>\nn<br \/>\nnTambi\u00e9n tenemos <a href=\"https:\/\/tlalixpan.com\/alimenticio\/endulzantes\/bromita-chocolate-70\/\">piezas chicas<\/a> en nuestra tienda.<br \/>\nn<br \/>\nnPara leer m\u00e1s: <a href=\"https:\/\/unamglobal.unam.mx\/global_revista\/el-chocolate-amargo-enemigo-de-la-hipertension\/\">enemigo de la hipertensi\u00f3n<\/a><\/p>\n","protected":false},"excerpt":{"rendered":"<p>Broma, barra de chocolate 70% u 80% Cacao, hecho con cacao org\u00e1nico e insumos agroecol\u00f3gicos.<\/p>\n","protected":false},"featured_media":0,"comment_status":"open","ping_status":"closed","template":"","meta":[],"product_brand":[],"product_cat":[519],"product_tag":[],"class_list":{"0":"post-5535","1":"product","2":"type-product","3":"status-publish","5":"product_cat-dulces-endulzantes-y-botanas-productos-alimenticios","7":"first","8":"instock","9":"shipping-taxable","10":"product-type-variable"},"_links":{"self":[{"href":"https:\/\/tlalixpan.com\/index.php?rest_route=\/wp\/v2\/product\/5535","targetHints":{"allow":["GET"]}}],"collection":[{"href":"https:\/\/tlalixpan.com\/index.php?rest_route=\/wp\/v2\/product"}],"about":[{"href":"https:\/\/tlalixpan.com\/index.php?rest_route=\/wp\/v2\/types\/product"}],"replies":[{"embeddable":true,"href":"https:\/\/tlalixpan.com\/index.php?rest_route=%2Fwp%2Fv2%2Fcomments&post=5535"}],"wp:attachment":[{"href":"https:\/\/tlalixpan.com\/index.php?rest_route=%2Fwp%2Fv2%2Fmedia&parent=5535"}],"wp:term":[{"taxonomy":"product_brand","embeddable":true,"href":"https:\/\/tlalixpan.com\/index.php?rest_route=%2Fwp%2Fv2%2Fproduct_brand&post=5535"},{"taxonomy":"product_cat","embeddable":true,"href":"https:\/\/tlalixpan.com\/index.php?rest_route=%2Fwp%2Fv2%2Fproduct_cat&post=5535"},{"taxonomy":"product_tag","embeddable":true,"href":"https:\/\/tlalixpan.com\/index.php?rest_route=%2Fwp%2Fv2%2Fproduct_tag&post=5535"}],"curies":[{"name":"wp","href":"https:\/\/api.w.org\/{rel}","templated":true}]}}