
{"id":5514,"date":"2026-04-19T17:48:15","date_gmt":"2026-04-19T17:48:15","guid":{"rendered":"https:\/\/tlalixpan.com\/?post_type=product&#038;p=5514"},"modified":"2026-04-20T00:02:09","modified_gmt":"2026-04-20T00:02:09","slug":"arroz-salvaje-100-grs","status":"publish","type":"product","link":"https:\/\/tlalixpan.com\/?product=arroz-salvaje-100-grs","title":{"rendered":"Arroz Salvaje 100 grs"},"content":{"rendered":"<h2>Arroz Salvaje<\/h2>\n<p>n<\/p>\n<h4>&#8211; Presentaci\u00f3n a granel 100 grs<\/h4>\n<p>nOrg\u00e1nico de importaci\u00f3n. Esta gram\u00ednea, <em>Zizania palustris<\/em>, no es propiamente un arroz, pero se conoce as\u00ed por su parecido, es originario de Am\u00e9rica del norte y es una gram\u00ednea que se consum\u00eda desde hace miles de a\u00f1os por los nativos americanos del norte, quienes lo llaman manoomin, tambi\u00e9n es conocido como arroz de agua o arroz canadiense.<br \/>\nn<br \/>\nnEste cereal tiene lisina y metionina amino\u00e1cidos esenciales por lo que es muy bueno para mantener una dieta vegetariana o vegana. Cuenta con fibra, antioxidantes, vitaminas del complejo B, principalmente B6, \u00e1cido f\u00f3lico, minerales como: Magnesio, Fosforo, Zinc, Cobre, Manganeso y un poco de hierro, potasio y selenio.<br \/>\nn<br \/>\nnPueden tardar un poco en cocerse, pero una vez cocidos puedes comerlos solos, o con otros granos o cereales como leguminosas y <a href=\"https:\/\/tlalixpan.com\/alimenticio\/cereales-y-semillas\/arroz-blanco\/\">arroz blanco o integral<\/a>, ponerlo en tus ensaladas, guisados, sopas y hasta en postres.<br \/>\nn<br \/>\nnPara leer m\u00e1s <a href=\"https:\/\/www.cuerpomente.com\/alimentacion\/arroz-salvaje_9668\">aqui<\/a><br \/>\nn<br \/>\nn*Recuerda que todos nuestros productos vienen a granel al pedir 2 recibiras 200grs.<\/p>\n","protected":false},"excerpt":{"rendered":"<p>Arroz Salvaje org\u00e1nico de importaci\u00f3n, ideal para aportar sabor textura y color a tus platos; alimento alto en fibra, contiene lisina y metionina por lo que es ideal en dietas veganas y vegetarianas.<\/p>\n","protected":false},"featured_media":361,"comment_status":"open","ping_status":"closed","template":"","meta":[],"product_brand":[],"product_cat":[516],"product_tag":[],"class_list":{"0":"post-5514","1":"product","2":"type-product","3":"status-publish","4":"has-post-thumbnail","6":"product_cat-cereales-y-semillas-granos-y-derivados-productos-alimenticios","8":"first","9":"instock","10":"shipping-taxable","11":"purchasable","12":"product-type-simple"},"_links":{"self":[{"href":"https:\/\/tlalixpan.com\/index.php?rest_route=\/wp\/v2\/product\/5514","targetHints":{"allow":["GET"]}}],"collection":[{"href":"https:\/\/tlalixpan.com\/index.php?rest_route=\/wp\/v2\/product"}],"about":[{"href":"https:\/\/tlalixpan.com\/index.php?rest_route=\/wp\/v2\/types\/product"}],"replies":[{"embeddable":true,"href":"https:\/\/tlalixpan.com\/index.php?rest_route=%2Fwp%2Fv2%2Fcomments&post=5514"}],"wp:featuredmedia":[{"embeddable":true,"href":"https:\/\/tlalixpan.com\/index.php?rest_route=\/wp\/v2\/media\/361"}],"wp:attachment":[{"href":"https:\/\/tlalixpan.com\/index.php?rest_route=%2Fwp%2Fv2%2Fmedia&parent=5514"}],"wp:term":[{"taxonomy":"product_brand","embeddable":true,"href":"https:\/\/tlalixpan.com\/index.php?rest_route=%2Fwp%2Fv2%2Fproduct_brand&post=5514"},{"taxonomy":"product_cat","embeddable":true,"href":"https:\/\/tlalixpan.com\/index.php?rest_route=%2Fwp%2Fv2%2Fproduct_cat&post=5514"},{"taxonomy":"product_tag","embeddable":true,"href":"https:\/\/tlalixpan.com\/index.php?rest_route=%2Fwp%2Fv2%2Fproduct_tag&post=5514"}],"curies":[{"name":"wp","href":"https:\/\/api.w.org\/{rel}","templated":true}]}}