{"id":252,"date":"2026-04-15T01:01:00","date_gmt":"2026-04-15T01:01:00","guid":{"rendered":"https:\/\/tlalixpan.com\/?post_type=product&#038;p=252"},"modified":"2026-04-15T01:01:01","modified_gmt":"2026-04-15T01:01:01","slug":"azucar-fruta-del-monje-100-grs","status":"publish","type":"product","link":"https:\/\/tlalixpan.com\/?product=azucar-fruta-del-monje-100-grs","title":{"rendered":"Azucar Fruta del Monje 100 grs"},"content":{"rendered":"<h3>Az\u00facar de Fruta del Monje Natural<\/h3>\n<h3>&#8211; Presentaci\u00f3n a granel 100 Grs<\/h3>\n<div class=\"cornerstone-desc gt-columns gt-third gd-columns gd-third\">\n<p>Organica,100% natural. sin eritritol.<\/p>\n<p>Esta proviene de un fruto que se ha utilizado en la medicina tradicional China desde hace siglos.<\/p>\n<p>Es un deshidratado del jugo de la fruta la cual al someterse a deshidrataci\u00f3n pierde la fructosa y otras azucares naturales del fruto pero endulza con un compuesto que contiene llamado mogrosido, estos mogrosidos, tienen propiedades antioxidantes y anti inflamatorias.<\/p>\n<p>Al ser un producto alimenticio sin calorias, es ben\u00e9fico para quienes padecen de diabetes, quienes emprenden una dieta rigurosa o quienes est\u00e1n en un plan de desintox\u00edcaci\u00f3n. Encuentra m\u00e1s productos saludables en nuestra <a href=\"https:\/\/tlalixpan.com\/tienda\/\">tienda<\/a><\/p>\n<p>Para leer m\u00e1s <a href=\"https:\/\/aprende.com\/blog\/bienestar\/salud\/fruta-del-monje-beneficios-y-propiedades\/\">aqui<\/a><\/p>\n<\/div>\n","protected":false},"excerpt":{"rendered":"<p>Azucar de fruta del monje\u00a0 org\u00e1nica a granel desde 100 grs, natural, sin eritritol, ideal para personas que sufren de diabetes pues al no contener calorias no eleva el \u00edndice glic\u00e9mico, tambien se puede usar como endulzante cuando se est\u00e1 a dieta.<\/p>\n","protected":false},"featured_media":0,"comment_status":"open","ping_status":"closed","template":"","meta":[],"product_brand":[],"product_cat":[44,16],"product_tag":[18,19,20,21,97,98,99,100,101,102,25,30,31,33,34,35,36],"class_list":{"0":"post-252","1":"product","2":"type-product","3":"status-publish","5":"product_cat-dulces-endulzantes-y-botanas","6":"product_cat-productos-alimenticios","7":"product_tag-agroecologico","8":"product_tag-agroecologicos","9":"product_tag-alimentos-limpios","10":"product_tag-artesanal","11":"product_tag-azucar-mascabado","12":"product_tag-azucar-morena","13":"product_tag-azucar-moscabado","14":"product_tag-mascabado","15":"product_tag-moscabado","16":"product_tag-muscabado","17":"product_tag-natural","18":"product_tag-organico","19":"product_tag-organicos","20":"product_tag-sin-toxicos","21":"product_tag-vegano","22":"product_tag-vida-cero","23":"product_tag-zerowaste","25":"first","26":"instock","27":"shipping-taxable","28":"purchasable","29":"product-type-simple"},"_links":{"self":[{"href":"https:\/\/tlalixpan.com\/index.php?rest_route=\/wp\/v2\/product\/252","targetHints":{"allow":["GET"]}}],"collection":[{"href":"https:\/\/tlalixpan.com\/index.php?rest_route=\/wp\/v2\/product"}],"about":[{"href":"https:\/\/tlalixpan.com\/index.php?rest_route=\/wp\/v2\/types\/product"}],"replies":[{"embeddable":true,"href":"https:\/\/tlalixpan.com\/index.php?rest_route=%2Fwp%2Fv2%2Fcomments&post=252"}],"wp:attachment":[{"href":"https:\/\/tlalixpan.com\/index.php?rest_route=%2Fwp%2Fv2%2Fmedia&parent=252"}],"wp:term":[{"taxonomy":"product_brand","embeddable":true,"href":"https:\/\/tlalixpan.com\/index.php?rest_route=%2Fwp%2Fv2%2Fproduct_brand&post=252"},{"taxonomy":"product_cat","embeddable":true,"href":"https:\/\/tlalixpan.com\/index.php?rest_route=%2Fwp%2Fv2%2Fproduct_cat&post=252"},{"taxonomy":"product_tag","embeddable":true,"href":"https:\/\/tlalixpan.com\/index.php?rest_route=%2Fwp%2Fv2%2Fproduct_tag&post=252"}],"curies":[{"name":"wp","href":"https:\/\/api.w.org\/{rel}","templated":true}]}}