{"id":145,"date":"2026-04-15T00:53:11","date_gmt":"2026-04-15T00:53:11","guid":{"rendered":"https:\/\/tlalixpan.com\/?post_type=product&#038;p=145"},"modified":"2026-04-15T00:58:16","modified_gmt":"2026-04-15T00:58:16","slug":"estropajo-jabonera-20-grs","status":"publish","type":"product","link":"https:\/\/tlalixpan.com\/?product=estropajo-jabonera-20-grs","title":{"rendered":"Estropajo Jabonera 20 grs"},"content":{"rendered":"<h3>Estropajo Jabonera<\/h3>\n<h4>&#8211; Presentaci\u00f3n 1 pieza<\/h4>\n<p>Es una fibra tejida en bolsa para el ba\u00f1o o para transportar los jabones, en tejido de crochet, es excelente para una buena exfoliaci\u00f3n.<\/p>\n<p>Es completamente natural elaborada de sisal (henequ\u00e9n), es suave con la piel, puedes meter tu <a href=\"https:\/\/tlalixpan.com\/cosmetico\/jabon-de-tocador\/\">jab\u00f3n<\/a> o <a href=\"https:\/\/tlalixpan.com\/vida-cero\/shampoo-solido\/\">champ\u00fa solido<\/a> dentro y as\u00ed evitar desperdicio.<\/p>\n<p>Al lavar tu piel con ella puedes disminuir problemas de celulitis, pues ayudan a\u00a0 mejorar la circulaci\u00f3n, adem\u00e1s de eliminar pelos enquistados y retirar celulas muertas; es ideal para el cuidado de la piel.<\/p>\n<p>Al ser de origen natural, son totalmente biodegradables. Adem\u00e1s con tu compra promueves el\u00a0 cultivo tradicional de estas plantas y los trabajos artesanales de las familias campesinas.<\/p>\n<p>Para entender m\u00e1s las fibras naturales lee <a href=\"https:\/\/www.univision.com\/estilo-de-vida\/bienestar\/beneficios-de-las-esponjas-vegetales\">esto<\/a>.<\/p>\n","protected":false},"excerpt":{"rendered":"<p>Estropajo Jabonera para ba\u00f1o, es ideal para hacer rendir tu jab\u00f3n al m\u00e1ximo, mientras limpias y exfolias, para un completo cuidado de la piel. Esta elaborado artesanalmente en el Edo. de M\u00e9xico con fribras naturales de sisal.<\/p>\n","protected":false},"featured_media":0,"comment_status":"open","ping_status":"closed","template":"","meta":[],"product_brand":[],"product_cat":[332,337,342],"product_tag":[467,468,469,470,471,472,350],"class_list":{"0":"post-145","1":"product","2":"type-product","3":"status-publish","5":"product_cat-cosmetica","6":"product_cat-limpieza","7":"product_cat-vida-cero","8":"product_tag-bano","9":"product_tag-estropajo","10":"product_tag-fibra-natural","11":"product_tag-henequen","12":"product_tag-jabonera","13":"product_tag-kigen","14":"product_tag-sisal","16":"first","17":"instock","18":"shipping-taxable","19":"purchasable","20":"product-type-simple"},"_links":{"self":[{"href":"https:\/\/tlalixpan.com\/index.php?rest_route=\/wp\/v2\/product\/145","targetHints":{"allow":["GET"]}}],"collection":[{"href":"https:\/\/tlalixpan.com\/index.php?rest_route=\/wp\/v2\/product"}],"about":[{"href":"https:\/\/tlalixpan.com\/index.php?rest_route=\/wp\/v2\/types\/product"}],"replies":[{"embeddable":true,"href":"https:\/\/tlalixpan.com\/index.php?rest_route=%2Fwp%2Fv2%2Fcomments&post=145"}],"wp:attachment":[{"href":"https:\/\/tlalixpan.com\/index.php?rest_route=%2Fwp%2Fv2%2Fmedia&parent=145"}],"wp:term":[{"taxonomy":"product_brand","embeddable":true,"href":"https:\/\/tlalixpan.com\/index.php?rest_route=%2Fwp%2Fv2%2Fproduct_brand&post=145"},{"taxonomy":"product_cat","embeddable":true,"href":"https:\/\/tlalixpan.com\/index.php?rest_route=%2Fwp%2Fv2%2Fproduct_cat&post=145"},{"taxonomy":"product_tag","embeddable":true,"href":"https:\/\/tlalixpan.com\/index.php?rest_route=%2Fwp%2Fv2%2Fproduct_tag&post=145"}],"curies":[{"name":"wp","href":"https:\/\/api.w.org\/{rel}","templated":true}]}}