
{"id":1295,"date":"2026-04-19T17:45:47","date_gmt":"2026-04-19T17:45:47","guid":{"rendered":"https:\/\/tlalixpan.com\/?post_type=product&#038;p=1295"},"modified":"2026-04-20T00:01:59","modified_gmt":"2026-04-20T00:01:59","slug":"lombriz-roja-californiana-500grs","status":"publish","type":"product","link":"https:\/\/tlalixpan.com\/?product=lombriz-roja-californiana-500grs","title":{"rendered":"Lombriz roja Californiana 500grs"},"content":{"rendered":"<h2>Lombriz roja Californiana<\/h2>\n<p>n<\/p>\n<h4>&#8211; Presentaci\u00f3n a granel 500 GRS<\/h4>\n<p>nContiene aproximadamente 200 a 300 lombrices con humus y alimento.<br \/>\nn<br \/>\nnLa lombriz roja consume su peso al d\u00eda de desperdicios org\u00e1nicos, es una buena forma de hacer composta en casa. Mantenlas h\u00famedas y en un lugar fresco y ventilado, para que puedan trabajar c\u00f3modamente, recuerda que el resido de las lombrices es un abono nutritivo para tus <a href=\"https:\/\/tlalixpan.com\/jardineria-y-huertos\/\">plantas<\/a>, tambi\u00e9n puedes extraer el lixiviado (el liquido que escurre al regar) y usarlo como abono foliar, diluido a raz\u00f3n de 1 a 3 ml. x litro de agua.<br \/>\nn<br \/>\nnLos alimentos ideales para mantenerlas en buenas condiciones son restos de podas, restos de alimentos (cascaras, huesos de frutas, fibra restante de jugos) tratando de evitar en las compostas caseras, huesos, carne, lacteos para evitar fauna indeseada.<br \/>\nn<br \/>\nnEllas constituyen una buena fuente de prote\u00edna para el alimento animal o humano (en harina), para animales domesticos puedes secarlas y molerlas y agregarlas en el alimento diario, para animales ovnivoros de granja como aves puedes agregarlas vivas, otros tipos de animales en harina.<br \/>\nn<br \/>\nnPara leer m\u00e1s: <a href=\"https:\/\/www.20minutos.es\/noticia\/2781988\/0\/derivados-lombriz-abono-salud-beneficios-alimento-perfecto-proteinas-lombricultura\/\">Derivados de lombriz<\/a><\/p>\n","protected":false},"excerpt":{"rendered":"<p>Lombriz roja californiana es la mejor forma de elaborar compostas altamente eficientes para el abonado de nuestros cultivos tanto urbanos como campesinos. La entrega puede tardar una semana pues son seres vivos.<\/p>\n","protected":false},"featured_media":0,"comment_status":"open","ping_status":"closed","template":"","meta":[],"product_brand":[],"product_cat":[142],"product_tag":[534],"class_list":{"0":"post-1295","1":"product","2":"type-product","3":"status-publish","5":"product_cat-jardinerias-y-huertos","6":"product_tag-agroecologico-agroecologicos-composta-huertos-urbanos-lombriz-roja-californiana-natural-nutricion-organicos-proteinas-vida-cero-zerowaste","8":"first","9":"instock","10":"shipping-taxable","11":"purchasable","12":"product-type-simple"},"_links":{"self":[{"href":"https:\/\/tlalixpan.com\/index.php?rest_route=\/wp\/v2\/product\/1295","targetHints":{"allow":["GET"]}}],"collection":[{"href":"https:\/\/tlalixpan.com\/index.php?rest_route=\/wp\/v2\/product"}],"about":[{"href":"https:\/\/tlalixpan.com\/index.php?rest_route=\/wp\/v2\/types\/product"}],"replies":[{"embeddable":true,"href":"https:\/\/tlalixpan.com\/index.php?rest_route=%2Fwp%2Fv2%2Fcomments&post=1295"}],"wp:attachment":[{"href":"https:\/\/tlalixpan.com\/index.php?rest_route=%2Fwp%2Fv2%2Fmedia&parent=1295"}],"wp:term":[{"taxonomy":"product_brand","embeddable":true,"href":"https:\/\/tlalixpan.com\/index.php?rest_route=%2Fwp%2Fv2%2Fproduct_brand&post=1295"},{"taxonomy":"product_cat","embeddable":true,"href":"https:\/\/tlalixpan.com\/index.php?rest_route=%2Fwp%2Fv2%2Fproduct_cat&post=1295"},{"taxonomy":"product_tag","embeddable":true,"href":"https:\/\/tlalixpan.com\/index.php?rest_route=%2Fwp%2Fv2%2Fproduct_tag&post=1295"}],"curies":[{"name":"wp","href":"https:\/\/api.w.org\/{rel}","templated":true}]}}