
{"id":1253,"date":"2026-04-19T17:41:20","date_gmt":"2026-04-19T17:41:20","guid":{"rendered":"https:\/\/tlalixpan.com\/?post_type=product&#038;p=1253"},"modified":"2026-04-20T00:01:17","modified_gmt":"2026-04-20T00:01:17","slug":"piloncillo-granulado-100grs","status":"publish","type":"product","link":"https:\/\/tlalixpan.com\/?product=piloncillo-granulado-100grs","title":{"rendered":"Piloncillo Granulado 100grs"},"content":{"rendered":"<h2>Piloncillo Granulado (Panela) Agroecol\u00f3gico<\/h2>\n<p>n<\/p>\n<h4>&#8211; Presentaci\u00f3n a granel 100 grs<\/h4>\n<p>nEs agroecol\u00f3gico producido en San Luis Potos\u00ed, a pesar de ser casi todo carbohidratos al ser una az\u00facar no refinada contiene trazas de minerales como Hierro, Calcio, Magnesio, Potasio, F\u00f3sforo, Manganeso, Cobre y Zinc, adem\u00e1s de algunas cuantas vitaminas del complejo B, C, D y E.<br \/>\nn<br \/>\nnGracias a su proceso de elaboraci\u00f3n, su presentaci\u00f3n final es granulada, por lo que facilita la medici\u00f3n y su aprovechamiento, sin desperdicios y sin endulzar m\u00e1s de lo necesario.<br \/>\nn<br \/>\nn\u00dasalo para endulzar tus alimentos y bebidas, para hornear, como sustituto de az\u00facar refinada o mascabado, para alimentar fermentos naturales, hacer postres, salsas y m\u00e1s.<br \/>\nn<br \/>\nnEl clasico <a href=\"https:\/\/tlalixpan.com\/alimenticio\/especias-e-infusiones\/cafe\/\">caf\u00e9<\/a> de olla es una caf\u00e9 hecho en olla de barro, endulzado con este producto y un poco de canela. Intentalo, seguro lo disfrutar\u00e1s.<br \/>\nn<br \/>\nnEn otras partes de Am\u00e9rica se conoce como panela.<br \/>\nn<br \/>\nnPara leer mas: <a href=\"https:\/\/www.mexicodesconocido.com.mx\/piloncillo-origen-y-beneficios.html\">origenes y beneficios<\/a><\/p>\n","protected":false},"excerpt":{"rendered":"<p>Piloncillo granulado producido de forma agroecol\u00f3gica en San Luis Potos\u00ed, por su consistencia es f\u00e1cil de usar sin desperdicios, se vende a granel desde 100 grs.<\/p>\n","protected":false},"featured_media":521,"comment_status":"open","ping_status":"closed","template":"","meta":[],"product_brand":[],"product_cat":[519],"product_tag":[526],"class_list":{"0":"post-1253","1":"product","2":"type-product","3":"status-publish","4":"has-post-thumbnail","6":"product_cat-dulces-endulzantes-y-botanas-productos-alimenticios","7":"product_tag-agroecologico-agroecologicos-alimentos-limpios-artesanal-chacaca-empainizao-jaggery-natural-organico-organicos-panela-panocha-piloncillo-salud-sin-toxicos-vegano-vida-cero-zerowaste","9":"first","10":"instock","11":"shipping-taxable","12":"purchasable","13":"product-type-simple"},"_links":{"self":[{"href":"https:\/\/tlalixpan.com\/index.php?rest_route=\/wp\/v2\/product\/1253","targetHints":{"allow":["GET"]}}],"collection":[{"href":"https:\/\/tlalixpan.com\/index.php?rest_route=\/wp\/v2\/product"}],"about":[{"href":"https:\/\/tlalixpan.com\/index.php?rest_route=\/wp\/v2\/types\/product"}],"replies":[{"embeddable":true,"href":"https:\/\/tlalixpan.com\/index.php?rest_route=%2Fwp%2Fv2%2Fcomments&post=1253"}],"wp:featuredmedia":[{"embeddable":true,"href":"https:\/\/tlalixpan.com\/index.php?rest_route=\/wp\/v2\/media\/521"}],"wp:attachment":[{"href":"https:\/\/tlalixpan.com\/index.php?rest_route=%2Fwp%2Fv2%2Fmedia&parent=1253"}],"wp:term":[{"taxonomy":"product_brand","embeddable":true,"href":"https:\/\/tlalixpan.com\/index.php?rest_route=%2Fwp%2Fv2%2Fproduct_brand&post=1253"},{"taxonomy":"product_cat","embeddable":true,"href":"https:\/\/tlalixpan.com\/index.php?rest_route=%2Fwp%2Fv2%2Fproduct_cat&post=1253"},{"taxonomy":"product_tag","embeddable":true,"href":"https:\/\/tlalixpan.com\/index.php?rest_route=%2Fwp%2Fv2%2Fproduct_tag&post=1253"}],"curies":[{"name":"wp","href":"https:\/\/api.w.org\/{rel}","templated":true}]}}