
{"id":1159,"date":"2026-04-19T17:25:03","date_gmt":"2026-04-19T17:25:03","guid":{"rendered":"https:\/\/tlalixpan.com\/?post_type=product&#038;p=1159"},"modified":"2026-04-20T00:00:27","modified_gmt":"2026-04-20T00:00:27","slug":"avena-100-grs","status":"publish","type":"product","link":"https:\/\/tlalixpan.com\/?product=avena-100-grs","title":{"rendered":"Avena 100 grs"},"content":{"rendered":"<h3>Avena Org\u00e1nica<\/h3>\n<p>n<\/p>\n<h4>&#8211; Presentaci\u00f3n a granel 100 Grs<\/h4>\n<p>nEsta avena org\u00e1nica avalada por SPG, es un grano completo con mayor contenido de prote\u00ednas complejas (13 grs en 78 grs del grano) y grasas que otros granos.<br \/>\nn<br \/>\nnContienen bastante cantidad de minerales, Manganeso, F\u00f3sforo, Magnesio, Cobre, Hierro y Zinc, en menor cantidad Calcio y Potasio. Tambi\u00e9n tienen cantidades altas de \u00e1cido f\u00f3lico, vitaminas B1, B5 y un poco de B6 y B3; tienen bastantes antioxidantes y propiedades antiinflamatorias. Adem\u00e1s de ser un alimento altament nutritivo, sus propiedades le confieren beneficios para la salud, como que pueden ayudar a dilatar los vasos sangu\u00edneos, por lo que puede ser un excelente alimento para quienes tienen problemas de circulaci\u00f3n, adem\u00e1s su alto contenido en fibra la hacen propia para mejorar la digesti\u00f3n y controlar los niveles de insulina.<br \/>\nn<br \/>\nnEste cereal tambien tiene propiedades anti urticantes. por lo que es un ingrediente com\u00fan en tratamientos cosm\u00e9ticos y jabones. Una forma f\u00e1cil de utilizarse es moliendo ligeramente la avena y mezclandola con suficiente miel para cubirla aplicarlo en la piel y dejar reposar unos minutos para enjuagarse con agua tibia. Esta mascarilla ayuda mucho en pieles delicadas y se puede aplicar una vez por semana.<br \/>\nn<br \/>\nnPara leer m\u00e1s:\u00a0<a href=\"https:\/\/www.businessinsider.es\/7-beneficios-comer-avena-diario-pueden-cambiarte-vida-1035759\">7 BENEFICIOS DE COMER AVENA DIARIO<\/a><br \/>\nn<br \/>\nnEncuentra otros cereales nutritivos como el amaranto en nuestra <a href=\"http:\/\/tlalixpan.com\/alimenticio\">tienda<\/a><\/p>\n","protected":false},"excerpt":{"rendered":"<p>Avena org\u00e1nica avalada por SPG, producida en Tlaxcala, a granel, con una cantidad de nutrientes balanceada, para consumirse como un alimento completo o bien usarse como en aplicaciones cosm\u00e9ticas.<\/p>\n","protected":false},"featured_media":363,"comment_status":"open","ping_status":"closed","template":"","meta":[],"product_brand":[],"product_cat":[516],"product_tag":[],"class_list":{"0":"post-1159","1":"product","2":"type-product","3":"status-publish","4":"has-post-thumbnail","6":"product_cat-cereales-y-semillas-granos-y-derivados-productos-alimenticios","8":"first","9":"instock","10":"shipping-taxable","11":"purchasable","12":"product-type-simple"},"_links":{"self":[{"href":"https:\/\/tlalixpan.com\/index.php?rest_route=\/wp\/v2\/product\/1159","targetHints":{"allow":["GET"]}}],"collection":[{"href":"https:\/\/tlalixpan.com\/index.php?rest_route=\/wp\/v2\/product"}],"about":[{"href":"https:\/\/tlalixpan.com\/index.php?rest_route=\/wp\/v2\/types\/product"}],"replies":[{"embeddable":true,"href":"https:\/\/tlalixpan.com\/index.php?rest_route=%2Fwp%2Fv2%2Fcomments&post=1159"}],"wp:featuredmedia":[{"embeddable":true,"href":"https:\/\/tlalixpan.com\/index.php?rest_route=\/wp\/v2\/media\/363"}],"wp:attachment":[{"href":"https:\/\/tlalixpan.com\/index.php?rest_route=%2Fwp%2Fv2%2Fmedia&parent=1159"}],"wp:term":[{"taxonomy":"product_brand","embeddable":true,"href":"https:\/\/tlalixpan.com\/index.php?rest_route=%2Fwp%2Fv2%2Fproduct_brand&post=1159"},{"taxonomy":"product_cat","embeddable":true,"href":"https:\/\/tlalixpan.com\/index.php?rest_route=%2Fwp%2Fv2%2Fproduct_cat&post=1159"},{"taxonomy":"product_tag","embeddable":true,"href":"https:\/\/tlalixpan.com\/index.php?rest_route=%2Fwp%2Fv2%2Fproduct_tag&post=1159"}],"curies":[{"name":"wp","href":"https:\/\/api.w.org\/{rel}","templated":true}]}}